546 a multiple of 10?
False
Is 2134995 a multiple of 317?
True
Does 2 divide 330957?
False
Does 20 divide 200860?
True
Does 356 divide 361938?
False
Does 22 divide 185711?
False
Does 3 divide 399474?
True
Is 33 a factor of 5627919?
True
Is 1144 a factor of 4043392?
False
Does 58 divide 246642?
False
Is 31 a factor of 17106483?
False
Is 72512 a multiple of 206?
True
Is 280297 a multiple of 332?
False
Is 17 a factor of 13756349?
True
Does 7 divide 994406?
True
Is 10 a factor of 700190?
True
Is 90 a factor of 4046040?
True
Is 2791834 a multiple of 85?
False
Is 1492 a factor of 4841540?
True
Is 44 a factor of 2060080?
True
Does 37 divide 3491468?
True
Does 164 divide 147436?
True
Does 12 divide 24180?
True
Is 2918557 a multiple of 202?
False
Is 8 a factor of 3209648?
True
Is 1288680 a multiple of 39?
False
Is 20 a factor of 8366840?
True
Is 716 a factor of 910752?
True
Is 69 a factor of 2760?
True
Is 416 a factor of 447616?
True
Does 298 divide 3264208?
False
Does 366 divide 14956224?
True
Is 8 a factor of 20738?
False
Is 235 a factor of 1185059?
False
Does 780 divide 161959?
False
Is 1942507 a multiple of 66?
False
Does 61 divide 126516?
False
Is 3116700 a multiple of 30?
True
Is 60 a factor of 72948?
False
Is 683 a factor of 7842189?
False
Is 289 a factor of 1104162?
False
Does 94 divide 433152?
True
Does 128 divide 4740362?
False
Is 25 a factor of 1241375?
True
Is 24 a factor of 130536?
True
Is 12067 a multiple of 11?
True
Does 116 divide 72616?
True
Is 6389152 a multiple of 32?
True
Does 117 divide 2602787?
False
Is 501539 a multiple of 20?
False
Is 12705615 a multiple of 37?
True
Is 2 a factor of 843489?
False
Is 122 a factor of 154574?
True
Is 380370 a multiple of 93?
True
Is 29801 a multiple of 12?
False
Does 10 divide 63410?
True
Is 7 a factor of 69608?
True
Is 66 a factor of 40473?
False
Is 300663 a multiple of 99?
True
Is 204 a factor of 1709995?
False
Does 452 divide 297800?
False
Does 152 divide 868568?
False
Is 611055 a multiple of 555?
True
Does 1336 divide 5403810?
False
Is 417 a factor of 414915?
True
Does 30 divide 804467?
False
Is 158976 a multiple of 138?
True
Does 3 divide 132198?
True
Is 67 a factor of 220631?
True
Does 11 divide 448195?
True
Is 2720099 a multiple of 366?
False
Is 182 a factor of 203740?
False
Does 39 divide 8268?
True
Is 35 a factor of 2775710?
True
Is 30963 a multiple of 10?
False
Is 132930 a multiple of 210?
True
Is 112880 a multiple of 177?
False
Does 15 divide 518088?
False
Does 6 divide 2889492?
True
Does 45 divide 278145?
True
Is 75 a factor of 2030625?
True
Is 43 a factor of 163274?
False
Is 10714634 a multiple of 6?
False
Does 582 divide 4813991?
False
Is 15248702 a multiple of 159?
False
Does 82 divide 1412286?
True
Does 27 divide 1857185?
False
Is 36 a factor of 648?
True
Is 87318 a multiple of 67?
False
Is 876200 a multiple of 65?
True
Is 3216273 a multiple of 211?
True
Does 171 divide 49380?
False
Does 23 divide 443118?
True
Is 3362148 a multiple of 9?
True
Is 34 a factor of 746142?
False
Is 71982 a multiple of 86?
True
Is 1645350 a multiple of 70?
True
Is 47 a factor of 77409?
True
Does 102 divide 1600919?
False
Is 1900429 a multiple of 6?
False
Does 119 divide 58420?
False
Does 389 divide 1177892?
True
Does 222 divide 5394600?
True
Is 215727 a multiple of 761?
False
Does 22 divide 1509696?
False
Is 151 a factor of 3292706?
True
Is 14 a factor of 2954265?
False
Is 234 a factor of 5382?
True
Is 7095586 a multiple of 863?
True
Does 8 divide 487779?
False
Is 186 a factor of 744372?
True
Is 997272 a multiple of 648?
True
Does 12 divide 21292836?
True
Does 63 divide 158004?
True
Does 362 divide 203539?
False
Does 172 divide 54831?
False
Does 23 divide 99153?
True
Does 6 divide 271858?
False
Does 109 divide 5995109?
True
Does 143 divide 2840838?
True
Is 673 a factor of 447286?
False
Does 3 divide 13730?
False
Is 639189 a multiple of 9?
True
Does 218 divide 3626655?
False
Is 1348566 a multiple of 434?
False
Does 175 divide 130025?
True
Does 371 divide 8824977?
True
Is 465704 a multiple of 46?
True
Is 219 a factor of 1840307?
False
Is 20792722 a multiple of 27?
False
Does 40 divide 274218?
False
Does 200 divide 376800?
True
Is 297 a factor of 469260?
True
Is 1534486 a multiple of 26?
False
Is 820 a factor of 851747?
False
Is 474096 a multiple of 4?
True
Does 536 divide 451312?
True
Does 5 divide 29786?
False
Is 1039720 a multiple of 220?
True
Is 408835 even?
False
Is 90 a factor of 461557?
False
Is 9 a factor of 242199?
True
Does 35 divide 441315?
True
Does 22 divide 1891037?
False
Does 16 divide 177024?
True
Is 29672 a multiple of 6?
False
Does 35 divide 38471839?
False
Is 169407 a multiple of 21?
True
Is 180768 a multiple of 42?
True
Does 58 divide 1625102?
True
Does 11 divide 18150?
True
Is 199137 a multiple of 44?
False
Is 3 a factor of 15627?
True
Is 7394 a multiple of 9?
False
Is 15016664 a multiple of 105?
False
Is 422 a factor of 8386828?
True
Is 3 a factor of 671632?
False
Is 134444 even?
True
Is 69 a factor of 315537?
True
Is 3059740 a multiple of 240?
False
Is 43 a factor of 2270658?
True
Is 633152 a multiple of 52?
True
Is 586997 a multiple of 139?
True
Is 163844 a multiple of 24?
False
Is 5327055 a multiple of 645?
True
Is 105336 a multiple of 152?
True
Is 712701 a multiple of 12?
False
Is 98 a factor of 1416168?
False
Does 89 divide 169969?
False
Does 158 divide 334644?
True
Is 3601598 a multiple of 49?
True
Does 33 divide 1108175?
False
Is 21 a factor of 12956496?
True
Is 2734132 a multiple of 1427?
True
Does 18 divide 25398?
True
Is 200 a factor of 6891800?
True
Is 221263 a multiple of 62?
False
Does 11 divide 9111247?
False
Is 3056698 a multiple of 1010?
False
Is 546598 a multiple of 16?
False
Does 12 divide 47887?
False
Is 462252 a multiple of 84?
True
Does 110 divide 954015?
False
Is 690589 a multiple of 15?
False
Does 56 divide 48835?
False
Does 233 divide 4911389?
False
Is 1479450 a multiple of 70?
True
Is 932241 a multiple of 15?
False
Is 21344 a multiple of 32?
True
Does 58 divide 1741610?
False
Is 1303608 a multiple of 246?
False
Is 4 a factor of 382229?
False
Is 171906 a multiple of 40?
False
Is 13 a factor of 13520?
True
Does 100 divide 250700?
True
Does 26 divide 817830?
True
Does 272 divide 284863?
False
Is 309150 a multiple of 1374?
True
Is 269 a factor of 232954?
True
Does 326 divide 125073?
False
Is 52147 a multiple of 13?
False
Is 108 a factor of 717768?
True
Does 313 divide 1600372?
False
Does 50 divide 523050?
True
Does 32 divide 8927904?
True
Does 2 divide 37859?
False
Does 64 divide 1239726?
False
Is 556608 a multiple of 501?
False
Does 12 divide 1080294?
False
Does 416 divide 3058848?
True
Is 133712 a multiple of 137?
True
Is 120 a factor of 589800?
True
Is 5388395 a multiple of 543?
False
Does 18 divide 204120?
True
Does 109 divide 3640712?
False
Is 54 a factor of 19714104?
True
Is 756189 a multiple of 137?
False
Is 39196 a multiple of 20?
False
Does 25 divide 46309?
False
Does 21 divide 38933?
False
Is 20 a factor of 18496?
False
Is 15 a factor of 257370?
True
Is 63 a factor of 131865?
False
Is 763 a factor of 2446118?
False
Does 51 divide 182427?
True
Does 208 divide 2601905?
False
Does 9 divide 2085678?
True
Is 23 a factor of 1098779?
True
Is 355290 a multiple of 13?
True
Is 346 a factor of 98956?
True
Is 2830424 a multiple of 124?
True
Does 460 divide 1087900?
True
Is 28043 a multiple of 23?
False
Does 55 divide 64128?
False
Is 3059877 a multiple of 61?
False
Is 1881522 a multiple of 2?
True
Does 13 divide 51337?
True
Is 685932 a multiple of 25?
False
Is 1464 a factor of 4934988?
False
Does 28 divide 1392895?
False
Is 124 a factor of 135179?
False
Is 1117520 a multiple of 916?
True
Is 2861868 a multiple of 12?
True
Does 77 divide 166320?
True
Is 5 a factor of 28121?
False
Is 651979 a multiple of 313?
True
Does 137 divide 1596785?
False
Is 200095 a multiple of 43?
False
Does 33 divide 93624?
False
Is 938865 a multiple of 13?
False
Is 246 a factor of 116063?
False
Is 16304402 a multiple of 11?
False
Does 12 divide 2748?
True
Does 228 divide 981044?
False
Does 55 divide 28668695?
True
Is 286465 a multiple of 115?
True
Is 121 a factor of 539297?
True
Does 133 divide 448840?
False
Is 397415 a multiple of 55?
False
Is 463 a factor of 1068405?
False
Does 65 divide 